+ 6a4?
69b
In base 12, what is -4 - 40?
-44
In base 12, what is -2b5 + 4?
-2b1
In base 5, what is -3 - -100333?
100330
In base 7, what is -1 + -353?
-354
In base 12, what is 229 + 0?
229
In base 11, what is 1 + 10?
11
In base 5, what is -24 + -10412?
-10441
In base 9, what is 4 - 2702?
-2687
In base 7, what is -413 - -4?
-406
In base 2, what is -100 - 1100?
-10000
In base 2, what is -11 - 100010?
-100101
In base 12, what is 7 - -18?
23
In base 8, what is 3 + 0?
3
In base 8, what is -100 - -100?
0
In base 2, what is 1110010 - -10101?
10000111
In base 4, what is -100010 - 31?
-100101
In base 13, what is 2 + -37?
-35
In base 9, what is 1 + -823?
-822
In base 12, what is -2 - 22?
-24
In base 10, what is -2 - -174?
172
In base 15, what is -5 - -15b?
156
In base 8, what is 1 - 3251?
-3250
In base 6, what is 10 - -1434?
1444
In base 4, what is -10003 - -32?
-3311
In base 15, what is 3 + -a?
-7
In base 2, what is -11000100110110 - -100?
-11000100110010
In base 4, what is -21003 + 1?
-21002
In base 15, what is -c - -6a?
5d
In base 6, what is -24 - 2314?
-2342
In base 7, what is -5 + 454?
446
In base 16, what is -4 + 4f?
4b
In base 15, what is -12 + -148?
-15a
In base 6, what is 2350 - 0?
2350
In base 14, what is -4 - 26?
-2a
In base 8, what is -2654 - -2?
-2652
In base 12, what is -13b - 0?
-13b
In base 12, what is -5 - -4b1?
4a8
In base 4, what is 10 - 3112?
-3102
In base 13, what is 17 - 28?
-11
In base 10, what is -5 - 43?
-48
In base 10, what is 125 + -10?
115
In base 13, what is 167 + 2?
169
In base 3, what is -11 - -11011?
11000
In base 6, what is -10302 - -3?
-10255
In base 8, what is 2 + -100?
-76
In base 7, what is 10 - -5?
15
In base 11, what is 2031 - 2?
202a
In base 5, what is 202 - -323?
1030
In base 3, what is -11202 - -1?
-11201
In base 16, what is b + c4?
cf
In base 6, what is -2111 + -4?
-2115
In base 11, what is 93 + 1?
94
In base 16, what is 5 + -84?
-7f
In base 10, what is 1 - 80?
-79
In base 15, what is a - 0?
a
In base 12, what is 131 + -2?
12b
In base 16, what is 11 + 0?
11
In base 8, what is 5112 - 5?
5105
In base 7, what is 5 - 35?
-30
In base 4, what is 131232 + 0?
131232
In base 3, what is 222200 + -2?
222121
In base 12, what is -5 - -26?
21
In base 16, what is 5458 + -2?
5456
In base 16, what is 6 + ac?
b2
In base 14, what is -53 - -2?
-51
In base 3, what is 10001 - 10?
2221
In base 11, what is 32 - 2?
30
In base 11, what is 40a - -9?
418
In base 12, what is 30b7 - 3?
30b4
In base 15, what is 10 - -11?
21
In base 7, what is 11565 + 0?
11565
In base 9, what is -4 - -3?
-1
In base 16, what is 80 - -3?
83
In base 3, what is -22220 + 2?
-22211
In base 8, what is 101 - 5?
74
In base 16, what is -196 - 1?
-197
In base 13, what is c65 + -1?
c64
In base 2, what is 1101 - -101010101?
101100010
In base 11, what is 395 - -3?
398
In base 3, what is 10 - 1?
2
In base 13, what is 1 + c24?
c25
In base 14, what is 3 - 13b?
-138
In base 11, what is -5 - 331?
-336
In base 12, what is -397 - -24?
-373
In base 5, what is -122134 - -3?
-122131
In base 15, what is -97 + 3?
-94
In base 12, what is -38a + -b?
-399
In base 11, what is 1 + 2770?
2771
In base 2, what is -101011 + -111111?
-1101010
In base 6, what is -1 - 30?
-31
In base 14, what is 1d - -3?
22
In base 15, what is 118 - -2?
11a
In base 5, what is -23 + 114?
41
In base 3, what is 21 + -1021?
-1000
In base 13, what is 80 + -73?
a
In base 11, what is 4 - 73?
-6a
In base 12, what is 64 + -61?
3
In base 16, what is -25 - -1b?
-a
In base 15, what is -4 + -118?
-11c
In base 12, what is -3 - 81?
-84
In base 4, what is 0 - 103012?
-103012
In base 14, what is 60 + -1a?
44
In base 14, what is 4 + 2043?
2047
In base 5, what is -220 + -22?
-242
In base 3, what is 1002 + 1210?
2212
In base 5, what is 10443 - 31?
10412
In base 2, what is 100011 + 101?
101000
In base 13, what is 3 + 1836?
1839
In base 3, what is 1120 - 20?
1100
In base 8, what is -3 + -20?
-23
In base 2, what is -111011101100 - 110?
-111011110010
In base 7, what is 3 - -102?
105
In base 9, what is -122 - 33?
-155
In base 7, what is 0 - -4231?
4231
In base 3, what is 1 - -12001?
12002
In base 2, what is 11 + -1011001111001?
-1011001110110
In base 10, what is 0 - 3?
-3
In base 4, what is 22 - -1001?
1023
In base 13, what is -4 + -1005?
-1009
In base 13, what is -b + 5?
-6
In base 12, what is -a + 134?
126
In base 4, what is -1021010 + 10?
-1021000
In base 12, what is -5194 - -3?
-5191
In base 6, what is 20002 + -4?
15554
In base 5, what is 12 + -33?
-21
In base 13, what is -521 - 1?
-522
In base 5, what is -222 + 113?
-104
In base 11, what is 9 - -7?
15
In base 16, what is -f8 - -5?
-f3
In base 10, what is 661 + 6?
667
In base 16, what is 2e - 14?
1a
In base 7, what is 152 + 1?
153
In base 9, what is 1 - 26?
-25
In base 4, what is -31 + 1001?
310
In base 12, what is -18 - -523?
507
In base 10, what is 2105 + 5?
2110
In base 7, what is -3 + -33?
-36
In base 2, what is -1001101101 - 10?
-1001101111
In base 11, what is 1 + -21?
-20
In base 16, what is 373 - -4?
377
In base 6, what is -431 + 2?
-425
In base 16, what is -2 - 12?
-14
In base 15, what is ee - -6?
105
In base 6, what is -5 - 200?
-205
In base 4, what is -3 - -3223?
3220
In base 16, what is -4d + 21?
-2c
In base 10, what is -2 - -153?
151
In base 13, what is -3b7 - -4?
-3b3
In base 8, what is -10270 + 4?
-10264
In base 11, what is -4 + -256?
-25a
In base 13, what is -3 + 217?
214
In base 5, what is 0 + -24?
-24
In base 6, what is -13 - -23?
10
In base 5, what is -22 - 20?
-42
In base 4, what is 10 + -1233212?
-1233202
In base 13, what is -345 + -4?
-349
In base 15, what is 5 + 8?
d
In base 13, what is -85 + -4a?
-102
In base 7, what is -443 + -50?
-523
In base 13, what is 4 - 159?
-155
In base 16, what is 3 - 51?
-4e
In base 16, what is 2 - 16?
-14
In base 5, what is 3131 + -2?
3124
In base 3, what is 12 - 21120?
-21101
In base 5, what is 10 + -111?
-101
In base 5, what is 131 + -30?
101
In base 10, what is 648 - 5?
643
In base 3, what is 1011 + -2000?
-212
In base 3, what is -11 - 2?
-20
In base 15, what is -1 + 882?
881
In base 12, what is -4 + -63?
-67
In base 5, what is -4230 - 10?
-4240
In base 6, what is 440 + -3?
433
In base 3, what is 2222 + 12001?
22000
In base 10, what is -5 - 117?
-122
In base 9, what is 2 - -185?
187
In base 7, what is -5 - 35?
-43
In base 2, what is 1010111110 + -1001?
1010110101
In base 10, what is 5 - 805?
-800
In base 9, what is 14 - 767?
-753
In base 15, what is -2 - -48?
46
In base 5, what is -13 - 34?
-102
In base 10, what is -7 - -21?
14
In base 10, what is 5 - -353?
358
In base 3, what is 1110 - -2?
1112
In base 10, what is -145 + -3?
-148
In base 13, what is -630 + -1?
-631
In base 3, what is -2100020 - -1?
-2100012
In base 11, what is -2a + -4?
-33
In base 15, what is b7 - 0?
b7
In base 14, what is 41 + -13?
2c
In base 11, what is -3 + 712?
70a
In base 14, what is 124b - 4?
1247
In base 15, what is -1ce - 31?
-210
In base 16, what is -63 - -91?
2e
In base 4, what is 2 + 101?
103
In base 11, what is 6 - 2663?
-2658
In base 12, what is 2b + 23?
52
In base 13, what is -3 - -166?
163
In base 2, what is -110001 + -100?
-110101
In base 9, what is 42 - 6?
35
In base 16, what is 1bb + 4?
1bf
In base 15, what is -1 - bd8?
-bd9
In base 14, what is 4 + -436?
-432
In base 9, what is 3 + -353?
-350
In base 5, what is 224 - -110?
334
In base 8, what is 52 - 7?
43
In base 9, what is 1 - 1163?
-1162
In base 12, what is 2 - -8?
a
In base 15, what is 1 - -35?
36
In base 11, what is 1845 + 5?
184a
In base 7, what is 2 - 15?
-13
In base 5, what is 4 - 13?
-4
In base 13, what is -21 + 1?
-20
In base 16, what is -10 + 11?
1
In base 14, what is 3 - -b67?
b6a
In base 15, what is -2 - -a2?
a0
In base 7, what is 13153 + -3?
13150
In base 12, what is -1109 - -3?
-1106
In base 14, what is -2 + bd?
bb
In base 2, what is -1101 - 11101?
-101010
In base 10, what is -59 - -20?
-39
In base 3, what is -100 + 2022?
1222
In base 15, what is -5 + 33?
2d
In base 7, what is 4 - -11?
15
In base 9, what is 14 - 1276?
-1262
In base 5, what is 131122 - 0?
131122
In base 7, what is 14246 - 3?
14243
In base 12, what is -14 + 3?
-11
In base 3, what is -21200 - 12?
-21212
In base 5, what is -2413 + 120?
-2243
In base 6, what is 1 + 12?
13
In base 6, what is -21 - -200?
135
In base 